{"id":387,"date":"2014-12-21T01:14:59","date_gmt":"2014-12-21T00:14:59","guid":{"rendered":"http:\/\/nadirbabouri.fr\/rose_constellation\/?page_id=387"},"modified":"2026-01-19T10:41:07","modified_gmt":"2026-01-19T09:41:07","slug":"presentation","status":"publish","type":"page","link":"https:\/\/nadirbabouri.be\/rosesconstellation\/","title":{"rendered":"Pr\u00e9sentation"},"content":{"rendered":"\t\t<div data-elementor-type=\"wp-post\" data-elementor-id=\"387\" class=\"elementor elementor-387\">\n\t\t\t\t\t\t<section class=\"elementor-section elementor-top-section elementor-element elementor-element-fce8ab4 elementor-section-boxed elementor-section-height-default elementor-section-height-default\" data-id=\"fce8ab4\" data-element_type=\"section\" data-e-type=\"section\">\n\t\t\t\t\t\t<div class=\"elementor-container elementor-column-gap-default\">\n\t\t\t\t\t<div class=\"elementor-column elementor-col-100 elementor-top-column elementor-element elementor-element-4d0670f\" data-id=\"4d0670f\" data-element_type=\"column\" data-e-type=\"column\">\n\t\t\t<div class=\"elementor-widget-wrap elementor-element-populated\">\n\t\t\t\t\t\t<div class=\"elementor-element elementor-element-0517b54 elementor-widget elementor-widget-spacer\" data-id=\"0517b54\" data-element_type=\"widget\" data-e-type=\"widget\" data-widget_type=\"spacer.default\">\n\t\t\t\t<div class=\"elementor-widget-container\">\n\t\t\t\t\t\t\t<div class=\"elementor-spacer\">\n\t\t\t<div class=\"elementor-spacer-inner\"><\/div>\n\t\t<\/div>\n\t\t\t\t\t\t<\/div>\n\t\t\t\t<\/div>\n\t\t\t\t\t<\/div>\n\t\t<\/div>\n\t\t\t\t\t<\/div>\n\t\t<\/section>\n\t\t\t\t<section class=\"elementor-section elementor-top-section elementor-element elementor-element-33faa4b elementor-section-stretched elementor-section-boxed elementor-section-height-default elementor-section-height-default\" data-id=\"33faa4b\" data-element_type=\"section\" data-e-type=\"section\" data-settings=\"{&quot;stretch_section&quot;:&quot;section-stretched&quot;}\">\n\t\t\t\t\t\t<div class=\"elementor-container elementor-column-gap-default\">\n\t\t\t\t\t<div class=\"elementor-column elementor-col-100 elementor-top-column elementor-element elementor-element-8fec292\" data-id=\"8fec292\" data-element_type=\"column\" data-e-type=\"column\">\n\t\t\t<div class=\"elementor-widget-wrap elementor-element-populated\">\n\t\t\t\t\t\t<div class=\"elementor-element elementor-element-9f00c5b elementor-widget elementor-widget-text-editor\" data-id=\"9f00c5b\" data-element_type=\"widget\" data-e-type=\"widget\" data-widget_type=\"text-editor.default\">\n\t\t\t\t<div class=\"elementor-widget-container\">\n\t\t\t\t\t\t\t\t\t<p>Rose&rsquo;s constellation est une pi\u00e8ce audiovisuelle.<\/p><p>Un hommage aux naufrag\u00e9(e)s de la mer, celles et ceux qui la traversent pour fuir leurs pays entrav\u00e9s, nourrir leurs familles ou trouver leurs destins&#8230;<\/p><p>Trois moments en jalonnent la trame visuelle et sonore : <code>D\u00e9part - Travers\u00e9e - Naufrage.<\/code><\/p><p>Il s\u2019agira \u00e0 tout moment d\u2019en agencer les tensions.<\/p><p>Nous avons \u00e9labor\u00e9, ce que nous appelons une <code>citation-board<\/code> (ou <code>story-board<\/code> )qui nous permettra\u00a0 d&rsquo;\u00e9laborer la trame visuelle. : Une cartographie\u00a0 de la perception d&rsquo;un naufrage v\u00e9cu par l&rsquo;auteur de &lsquo;The open boat&rsquo;, Stephen Crane, en tant que correspondant de guerre en 1897. Cette oeuvre est issue de la litt\u00e9rature am\u00e9ricaine du xix si\u00e8cle, notamment celle du mouvement dit naturaliste.<\/p><p>Quant \u00e0 la musique, troix parties distinctes sont d\u00e9j\u00e0 \u00e9labor\u00e9es, et que nous appelons des <code>Surfaces Sonores<\/code> , pour ensemble instrumental diss\u00e9min\u00e9e d\u2019interventions d&rsquo;une bande sonore, et pour \u00e9lectronique avec l&rsquo;intervention d\u2019instruments solistes.<\/p><p>Rose&rsquo;s Constellation trouve sa source dans l&rsquo;oeuvre de Soeuf Elbadoui, Un dhikri pour nos morts. La rage entre les dents, La Roque-d&rsquo;Anth\u00e9ron, Vents d&rsquo;Ailleurs, 2013.<\/p><p>\u00a0<\/p>\t\t\t\t\t\t\t\t<\/div>\n\t\t\t\t<\/div>\n\t\t\t\t\t<\/div>\n\t\t<\/div>\n\t\t\t\t\t<\/div>\n\t\t<\/section>\n\t\t\t\t<section class=\"elementor-section elementor-top-section elementor-element elementor-element-938164c elementor-section-boxed elementor-section-height-default elementor-section-height-default\" data-id=\"938164c\" data-element_type=\"section\" data-e-type=\"section\">\n\t\t\t\t\t\t<div class=\"elementor-container elementor-column-gap-default\">\n\t\t\t\t\t<div class=\"elementor-column elementor-col-100 elementor-top-column elementor-element elementor-element-62246d5\" data-id=\"62246d5\" data-element_type=\"column\" data-e-type=\"column\">\n\t\t\t<div class=\"elementor-widget-wrap elementor-element-populated\">\n\t\t\t\t\t\t<div class=\"elementor-element elementor-element-fce0aea elementor-widget elementor-widget-spacer\" data-id=\"fce0aea\" data-element_type=\"widget\" data-e-type=\"widget\" data-widget_type=\"spacer.default\">\n\t\t\t\t<div class=\"elementor-widget-container\">\n\t\t\t\t\t\t\t<div class=\"elementor-spacer\">\n\t\t\t<div class=\"elementor-spacer-inner\"><\/div>\n\t\t<\/div>\n\t\t\t\t\t\t<\/div>\n\t\t\t\t<\/div>\n\t\t\t\t\t<\/div>\n\t\t<\/div>\n\t\t\t\t\t<\/div>\n\t\t<\/section>\n\t\t\t\t<section class=\"elementor-section elementor-top-section elementor-element elementor-element-7884afd elementor-section-boxed elementor-section-height-default elementor-section-height-default\" data-id=\"7884afd\" data-element_type=\"section\" data-e-type=\"section\">\n\t\t\t\t\t\t<div class=\"elementor-container elementor-column-gap-default\">\n\t\t\t\t\t<div class=\"elementor-column elementor-col-100 elementor-top-column elementor-element elementor-element-0f1d73f\" data-id=\"0f1d73f\" data-element_type=\"column\" data-e-type=\"column\">\n\t\t\t<div class=\"elementor-widget-wrap elementor-element-populated\">\n\t\t\t\t\t\t<div class=\"elementor-element elementor-element-882c4fb elementor-widget elementor-widget-video\" data-id=\"882c4fb\" data-element_type=\"widget\" data-e-type=\"widget\" data-settings=\"{&quot;video_type&quot;:&quot;hosted&quot;,&quot;show_image_overlay&quot;:&quot;yes&quot;,&quot;image_overlay&quot;:{&quot;url&quot;:&quot;https:\\\/\\\/nadirbabouri.be\\\/rosesconstellation\\\/wp-content\\\/uploads\\\/sites\\\/16\\\/2019\\\/07\\\/RosesConstellation-e1563464341559.png&quot;,&quot;id&quot;:660,&quot;size&quot;:&quot;&quot;,&quot;alt&quot;:&quot;&quot;,&quot;source&quot;:&quot;library&quot;},&quot;lightbox&quot;:&quot;yes&quot;,&quot;controls&quot;:&quot;yes&quot;}\" data-widget_type=\"video.default\">\n\t\t\t\t<div class=\"elementor-widget-container\">\n\t\t\t\t\t\t\t<div class=\"e-hosted-video elementor-wrapper elementor-open-lightbox\">\n\t\t\t\t\t\t\t<div class=\"elementor-custom-embed-image-overlay\" data-elementor-open-lightbox=\"yes\" data-elementor-lightbox=\"{&quot;type&quot;:&quot;video&quot;,&quot;videoType&quot;:&quot;hosted&quot;,&quot;url&quot;:&quot;https:\\\/\\\/nadirbabouri.be\\\/rosesconstellation\\\/wp-content\\\/uploads\\\/sites\\\/16\\\/2025\\\/02\\\/roseSconstellation.mov&quot;,&quot;autoplay&quot;:&quot;&quot;,&quot;modalOptions&quot;:{&quot;id&quot;:&quot;elementor-lightbox-882c4fb&quot;,&quot;entranceAnimation&quot;:&quot;&quot;,&quot;entranceAnimation_tablet&quot;:&quot;&quot;,&quot;entranceAnimation_mobile&quot;:&quot;&quot;,&quot;videoAspectRatio&quot;:&quot;169&quot;},&quot;videoParams&quot;:{&quot;controls&quot;:&quot;&quot;,&quot;preload&quot;:&quot;metadata&quot;,&quot;controlsList&quot;:&quot;nodownload&quot;}}\" data-e-action-hash=\"#elementor-action%3Aaction%3Dlightbox%26settings%3DeyJ0eXBlIjoidmlkZW8iLCJ2aWRlb1R5cGUiOiJob3N0ZWQiLCJ1cmwiOiJodHRwczpcL1wvbmFkaXJiYWJvdXJpLmJlXC9yb3Nlc2NvbnN0ZWxsYXRpb25cL3dwLWNvbnRlbnRcL3VwbG9hZHNcL3NpdGVzXC8xNlwvMjAyNVwvMDJcL3Jvc2VTY29uc3RlbGxhdGlvbi5tb3YiLCJhdXRvcGxheSI6IiIsIm1vZGFsT3B0aW9ucyI6eyJpZCI6ImVsZW1lbnRvci1saWdodGJveC04ODJjNGZiIiwiZW50cmFuY2VBbmltYXRpb24iOiIiLCJlbnRyYW5jZUFuaW1hdGlvbl90YWJsZXQiOiIiLCJlbnRyYW5jZUFuaW1hdGlvbl9tb2JpbGUiOiIiLCJ2aWRlb0FzcGVjdFJhdGlvIjoiMTY5In0sInZpZGVvUGFyYW1zIjp7ImNvbnRyb2xzIjoiIiwicHJlbG9hZCI6Im1ldGFkYXRhIiwiY29udHJvbHNMaXN0Ijoibm9kb3dubG9hZCJ9fQ%3D%3D\">\n\t\t\t\t\t\t\t\t\t\t\t<img fetchpriority=\"high\" decoding=\"async\" width=\"1280\" height=\"768\" src=\"https:\/\/nadirbabouri.be\/rosesconstellation\/wp-content\/uploads\/sites\/16\/2019\/07\/RosesConstellation-e1563464341559.png\" class=\"attachment-full size-full wp-image-660\" alt=\"\" srcset=\"https:\/\/nadirbabouri.be\/rosesconstellation\/wp-content\/uploads\/sites\/16\/2019\/07\/RosesConstellation-e1563464341559.png 1280w, https:\/\/nadirbabouri.be\/rosesconstellation\/wp-content\/uploads\/sites\/16\/2019\/07\/RosesConstellation-e1563464341559-300x180.png 300w, https:\/\/nadirbabouri.be\/rosesconstellation\/wp-content\/uploads\/sites\/16\/2019\/07\/RosesConstellation-e1563464341559-768x461.png 768w, https:\/\/nadirbabouri.be\/rosesconstellation\/wp-content\/uploads\/sites\/16\/2019\/07\/RosesConstellation-e1563464341559-1024x614.png 1024w\" sizes=\"(max-width: 1280px) 100vw, 1280px\" \/>\t\t\t\t\t\t\t\t\t\t\t\t\t\t\t\t<div class=\"elementor-custom-embed-play\" role=\"button\" aria-label=\"Lire la vid\u00e9o\" tabindex=\"0\">\n\t\t\t\t\t\t\t<i aria-hidden=\"true\" class=\"eicon-play\"><\/i>\t\t\t\t\t\t<\/div>\n\t\t\t\t\t\t\t\t\t<\/div>\n\t\t\t\t\t<\/div>\n\t\t\t\t\t\t<\/div>\n\t\t\t\t<\/div>\n\t\t\t\t\t<\/div>\n\t\t<\/div>\n\t\t\t\t\t<\/div>\n\t\t<\/section>\n\t\t\t\t<\/div>\n\t\t","protected":false},"excerpt":{"rendered":"<p>Rose&rsquo;s constellation est une pi\u00e8ce audiovisuelle. Un hommage aux naufrag\u00e9(e)s de la mer, celles et ceux qui la traversent pour fuir leurs pays entrav\u00e9s, nourrir leurs familles ou trouver leurs destins&#8230; Trois moments en jalonnent la trame visuelle et sonore : D\u00e9part &#8211; Travers\u00e9e &#8211; Naufrage. Il s\u2019agira \u00e0 tout moment d\u2019en agencer les tensions. [&hellip;]<\/p>\n","protected":false},"author":1,"featured_media":0,"parent":0,"menu_order":1,"comment_status":"closed","ping_status":"closed","template":"","meta":{"episode_type":"","audio_file":"","podmotor_file_id":"","podmotor_episode_id":"","cover_image":"","cover_image_id":"","duration":"","filesize":"","filesize_raw":"","date_recorded":"","explicit":"","block":"","itunes_episode_number":"","itunes_title":"","itunes_season_number":"","itunes_episode_type":"","footnotes":""},"class_list":["post-387","page","type-page","status-publish","czr-hentry"],"_links":{"self":[{"href":"https:\/\/nadirbabouri.be\/rosesconstellation\/wp-json\/wp\/v2\/pages\/387","targetHints":{"allow":["GET"]}}],"collection":[{"href":"https:\/\/nadirbabouri.be\/rosesconstellation\/wp-json\/wp\/v2\/pages"}],"about":[{"href":"https:\/\/nadirbabouri.be\/rosesconstellation\/wp-json\/wp\/v2\/types\/page"}],"author":[{"embeddable":true,"href":"https:\/\/nadirbabouri.be\/rosesconstellation\/wp-json\/wp\/v2\/users\/1"}],"replies":[{"embeddable":true,"href":"https:\/\/nadirbabouri.be\/rosesconstellation\/wp-json\/wp\/v2\/comments?post=387"}],"version-history":[{"count":163,"href":"https:\/\/nadirbabouri.be\/rosesconstellation\/wp-json\/wp\/v2\/pages\/387\/revisions"}],"predecessor-version":[{"id":787,"href":"https:\/\/nadirbabouri.be\/rosesconstellation\/wp-json\/wp\/v2\/pages\/387\/revisions\/787"}],"wp:attachment":[{"href":"https:\/\/nadirbabouri.be\/rosesconstellation\/wp-json\/wp\/v2\/media?parent=387"}],"curies":[{"name":"wp","href":"https:\/\/api.w.org\/{rel}","templated":true}]}}